i**4/4 - 2*i**3/3 - 5*i**2/2 + 6*i. What is the tens digit of a(k)?
9
Suppose 0 = -5*z + 40, -2*v + 450 = z - 6818. What is the units digit of v?
0
Suppose -34 = -3*w + 4*x, -2*w + 7*w - 46 = 4*x. Let k be 42/70 - ((-787)/5 + 0). Suppose 0 = w*j - 790 - k. What is the units digit of j?
8
Let f(l) = -7682*l + 7378. What is the thousands digit of f(-5)?
5
What is the thousands digit of 17/36 + 1/(-4) - (-72698395)/3465?
0
Let u(m) = -m**3 + 8*m**2 + 6*m + 25. Let r be u(9). Let z(t) = -40*t**2 + 3*t + 3. Let v be z(r). Let p = v - -370. What is the hundreds digit of p?
2
Suppose -11 = -2*u - 23. Let n be (-117)/u - (-3)/(-6). Suppose -115 + n = -2*s. What is the units digit of s?
8
Let y = -22614 - -38133. What is the hundreds digit of y?
5
Let r = 20566 - 9800. What is the ten thousands digit of r?
1
Suppose -k + 713 - 53 = 0. Suppose -2*l + 155 = -2*t - 179, -k = 4*t + 4*l. What is the tens digit of 1 - t/8 - 14/(-56)?
2
Suppose 31893 + 611 = 8*j. What is the units digit of j?
3
Suppose 4*f - 4 = 4*i, -5*f + 2*i + 6 = -2*f. Suppose 0 = 7*s - f*s + 231. Let m = 210 + s. What is the units digit of m?
3
Let i(z) = -z**3 - 3*z**2 + z - 9. Let q be i(-4). Suppose 0 = q*n + 3*a - 60, 78 = 6*n - 2*n + 5*a. Suppose 204 - n = 2*l. What is the tens digit of l?
9
Let q be (-162)/(-12)*2*171. Suppose -66 = -3*j + q. Suppose 81 = -5*k + j. What is the hundreds digit of k?
2
Suppose 10458 = 26*o - 5*o. Let l = 930 - o. What is the units digit of l?
2
Let t be 16/(-28)*(-28)/4. Let z(o) = o**2 - 2*o + 6. Let s be z(t). What is the units digit of (s - 282)*1/(-2)?
4
Suppose -z - 2*h = -8, 5*z + h + 5 = -0*z. Let l(j) = -j**3 - 34*j**2 - 68*j - 1150. Let o be l(-33). What is the tens digit of (o/z - -3)/((-4)/(-208))?
2
Let s be (-2)/(-2) + -3 + 6. Let w be 12 + (-8 + s)/1. What is the units digit of 152 - (w/(-28) - (-5)/(-7))?
3
Let b = 67 + -55. Let a = b + -7. Suppose 3*y = a*y - 136. What is the units digit of y?
8
Let f(k) = 92 - 11*k + 246 + 310 + 3*k. What is the units digit of f(0)?
8
Let l be (-7748)/(-10) + (-32)/40. Suppose l + 3886 = 5*s. What is the hundreds digit of s?
9
Let v(u) be the first derivative of 4*u**2 + 676*u - 5. What is the tens digit of v(0)?
7
Let s(z) = 2*z**2 + z + 1. Let a(j) = -213*j**2 + 10*j + 11. Let y(i) = -a(i) + 6*s(i). What is the tens digit of y(-2)?
0
Let w = 11377 + -7125. What is the thousands digit of w?
4
Let c be 2/(-8) + 1517/4. Let n = -23144 - -23149. Suppose -n*r = 4*g - 488, c = 2*g - 4*r + 109. What is the tens digit of g?
2
Let l(k) = k + 12. Suppose -5*p = -9*p - 40. Let q be l(p). Suppose q*w - 256 = -2*w - x, 0 = w + x - 61. What is the units digit of w?
5
Let d = 12 - 10. Let q(z) = z - d + z + 15 + 3*z. What is the tens digit of q(15)?
8
Suppose -5*a + 4*o = -109, -2 = -o - 3. Suppose -a*k = -24*k + 258. What is the tens digit of k?
8
Suppose 7*x - 959 = 6*x. Let z = -536 + x. What is the tens digit of z?
2
Let m = -11625 - -20979. What is the thousands digit of m?
9
Let l(r) = -2160*r - 51. What is the units digit of l(-3)?
9
What is the hundreds digit of (-120)/45*2874/(-8)?
9
Suppose 17 = -4*d + 5*t, -10*t = -8*t - 10. Suppose 4*s = 3*v - 58 - 18, -d*v = -3*s - 50. What is the tens digit of v?
2
Suppose -34*g + 50557 = -341361. What is the thousands digit of g?
1
Let a be -1 + ((-3)/(-1) - 5) + 914. Suppose -3*r = -2*f + 542, -3*f + 3*r + a = 98. What is the units digit of f?
1
Suppose -13*s + 6923 = 10*s. What is the units digit of 5/((7/s)/((-18)/(-6)))?
5
Suppose 0 = 2*q - 3*b - 3, -4*q + 2*b + 7 - 21 = 0. Let u(v) = -4*v - 17. Let a be u(q). Suppose -12*l + 115 = -a*l. What is the units digit of l?
3
Suppose -128*x = -214*x + 3332930. What is the units digit of x?
5
Suppose 0 = 2*i - 2*n + 8, 0 = -i + 3*i + 3*n - 12. Suppose -5*x + i*x = 3*h - 704, 0 = 4*h - 4*x - 992. What is the hundreds digit of h?
2
Let q(j) = 36058*j**2 + 31*j - 25. What is the tens digit of q(1)?
6
Suppose -11 - 13 = -6*d. Let i(g) = g**2 + 8 - 2*g + 8*g - 3*g - d. What is the units digit of i(-8)?
4
Let t(k) = k**2 + 11*k + 37. Let n be t(-7). Suppose -c - 3*b = -905, 10*b - 7*b - n = 0. What is the hundreds digit of c?
8
Let u = -345 - -218. Let n = 196 - u. What is the tens digit of n?
2
Let s = -114 + 328. Let r = 565 - s. What is the units digit of r?
1
Let s(p) = -83*p**2 + 164*p**2 - 80*p**2 - 23*p - 17. What is the units digit of s(24)?
7
Let y(n) = 105*n**2 + 57*n + 4. Let k(i) = -4*i - 100. Let f be k(-24). What is the hundreds digit of y(f)?
4
Let p(a) = -a**3 - 9*a**2 + 12*a + 24. Suppose -o + 4*t - 5*t = 13, 3*t + 17 = -o. What is the tens digit of p(o)?
3
Let d be (-21 - -27) + (-4 - (-1 + 3)). What is the units digit of (d/6)/(-2 + 0) - -698?
8
Let f be (-35052)/(-897) + (-2)/26. Suppose -10*y + 55664 = f*y. What is the thousands digit of y?
1
Suppose 5*k = a + 27470, 5*a = k - 525 - 4969. What is the units digit of k?
4
Suppose 167648 + 263754 = 41*c. What is the ten thousands digit of c?
1
Let n(v) = -122*v + 133. Let g be n(-6). Let l = -222 + g. What is the tens digit of l?
4
Let z = -95 - -97. Let s be 39/z*(-30)/(-9). Suppose -y + s = -51. What is the units digit of y?
6
Suppose 0 = 2*j + 3*r - 7, -j + 3*r = 2*j - 3. Suppose -j*m = -0*m - 132. What is the units digit of m?
6
Let r be 2/3*45/(-30). Let a be (8/8)/(r - 8/(-10)). What is the units digit of 8*(a/(-40))/(1/4)?
4
Let j = -30 - -33. Suppose -3*m = -4*p + 24, -m - 2 + 7 = j*p. Suppose p*w + r + 106 = 6*w, 5*w = 2*r + 175. What is the units digit of w?
7
Suppose 25*r - 54 = 7*r. Suppose 0 = r*d - 2*x + 5*x - 1914, 0 = 2*x - 10. What is the units digit of d?
3
Suppose -9*z + 2134 = 13*z. Suppose z*h = 89*h + 11280. What is the thousands digit of h?
1
Let p(h) = 6*h**2 - 31*h - 233. Let m be p(-17). Suppose q - 178 = f - m, 3*q - 9 = 0. What is the tens digit of f?
5
Let x(q) = 23*q + 2. Let p(h) = h**3 - 17*h**2 - 25*h + 26. Let s be p(18). Let l = -92 - s. What is the hundreds digit of x(l)?
1
Let v(m) = m**2 - 2*m + 99. Let y be v(15). Suppose 297*p - 2331 = y*p. What is the hundreds digit of p?
7
Let d(i) = -3031*i - 435. What is the units digit of d(-5)?
0
Suppose -6*s + 74125 = -1556 + 13167. What is the thousands digit of s?
0
Let y(f) = -6330*f - 2081. What is the ten thousands digit of y(-6)?
3
Suppose -y - 119 = -110. Let l(w) be the first derivative of 4*w**3/3 + 12*w**2 + 8*w - 2. What is the tens digit of l(y)?
1
Let u(q) = 65*q - 36. Let h be u(15). Let w = -239 + h. What is the units digit of w?
0
Let x be (6 + 4)/(-6 + 8). Suppose 2*d = -3*d + 600. Suppose -x*y - d = -310. What is the units digit of y?
8
Suppose -63*t - 5216 = -3*d - 65*t, 3*t - 5217 = -3*d. What is the tens digit of d?
3
Let z(t) = 412*t + 294. What is the hundreds digit of z(31)?
0
Suppose 116395 = -111*q + 2926804. What is the units digit of q?
9
Let a = 51 - 47. Suppose 0 = -5*s - 0*s + a*o + 21, -8 = -s - 3*o. Suppose s*q + 49 = 6*q. What is the tens digit of q?
4
Let w = 3097 + 92171. What is the ten thousands digit of w?
9
Suppose -8 = -4*t, -47 = -2*b - 5*t + 47. Suppose 37*o = b*o - 220. What is the units digit of -4 + 168/o + (-761)/(-11)?
9
Suppose 783387 = 510*g - 223*g - 246*g. What is the units digit of g?
7
Let u = -867 - -16429. Suppose -u = -26*q + 16652. What is the hundreds digit of q?
2
Suppose -4*j = 4, 11*j + 742 = 3*f + 7*j. Suppose 8*n - 165 = 2*w + 3*n, -3*w - 228 = -n. Let a = f + w. What is the hundreds digit of a?
1
Suppose 10680 = 2*q + 4*v, -22*q + 20*q + v + 10705 = 0. What is the units digit of q?
0
Suppose 0 = -126*a - 146*a + 14012896. What is the hundreds digit of a?
5
What is the units digit of ((-33)/(-5))/((-59)/(-19653785)*51)?
9
Let n(t) = 20*t + 13. Let y(l) = -7*l - 4. Let u(j) = 7*j + 4. Let k(b) = 6*u(b) + 7*y(b). Let c(g) = -21*k(g) - 6*n(g). What is the units digit of c(5)?
1
Let p be 2818/(-16)*2 - (-4)/16. Let z = p - -378. What is the units digit of z?
6
Let q = 3846 + -3412. What is the hundreds digit of q?
4
Let s(i) = 124*i**2 - 47*i - 328. What is the tens digit of s(-7)?
7
Let i = -964 - -671. Let l = -93 - i. What is the hundreds digit of l?
2
Let z(b) be the third derivative of b**5/60 + 11*b**4/24 + 11*b**3/6 + 18*b**2. Let m be z(-7). Let t = 4 - m. What is the tens digit of t?
2
Let n be 329/3 - (-8